common factor of q and 66?
22
Let k(t) = 3*t - 6. Let u be k(7). Suppose -2*o - 2*o = 0. Suppose -x + 5 = -o*x. What is the greatest common factor of u and x?
5
Let l be (5 + -4 + -11)/(-1). Let c = -105 + 175. Calculate the greatest common divisor of c and l.
10
Suppose 0 = 23*m - 27*m + 8. Suppose -5*c + 10 = 0, 0 = 3*x - x - 5*c - 88. Suppose 5*d - 1 = x. Calculate the greatest common factor of m and d.
2
Let w(g) = g**2 + 11*g - 12. Let d be w(-13). Calculate the greatest common factor of d and 14.
14
Suppose -80 - 10 = -15*o. What is the highest common factor of 66 and o?
6
Let d be ((-1)/(2/5))/((-3)/6). What is the greatest common factor of d and 70?
5
Let y(q) = 5*q - 3. Let z be y(3). Suppose t + 4*t + 16 = j, 0 = 5*j + 3*t - 24. What is the greatest common divisor of j and z?
6
Let l be -1 + 2 + -35*1. Let d = -14 - l. Suppose -3*q + 2 + 10 = 3*n, 0 = 5*q + n - 20. Calculate the highest common factor of q and d.
4
Let x be (-228)/(-16) - (-5)/(-20). Calculate the greatest common divisor of 126 and x.
14
Let z(b) = -73*b - 1. Suppose -2*g - g = -6. Suppose 7 = -3*r + 2*i, -g*r - 2*r - 10 = -3*i. Let c be z(r). What is the highest common factor of c and 9?
9
Suppose 18 + 2 = 4*q. Let o(s) = 4*s - 3. Let y be o(7). Calculate the greatest common factor of y and q.
5
Suppose 4*z = 40 + 44. Calculate the highest common factor of z and 168.
21
Suppose -5*c - 86 = -576. What is the highest common factor of 28 and c?
14
Suppose 4*z = i + 212, i - 1 = 3. What is the greatest common factor of 18 and z?
18
Let o(i) = -2*i**2 - 24*i - 2. Let w be o(-7). What is the highest common factor of 102 and w?
34
Suppose 0 = -x + m + 2*m + 128, 5*m = 2*x - 256. Calculate the highest common factor of 16 and x.
16
Let r be (-4)/10 + (-327)/(-5). Suppose -s = -5*g - r, 3*s - 4*g - 173 = -0*g. Calculate the highest common factor of s and 11.
11
Let y be (-4 - (-5 - -1)) + 5. Calculate the highest common divisor of 20 and y.
5
Let s = -21 + 44. Calculate the greatest common divisor of 161 and s.
23
Let z be (-5)/15 - 74/(-6). Let l = 11 - -1. What is the highest common divisor of z and l?
12
Let j = 3 + -2. Let k be ((-9)/(-21) + j)*7. Let m = 11 + -7. What is the highest common factor of m and k?
2
Suppose -2*o - 8 = 0, 2*o = -h + 5*o + 27. Let k = h - -11. Calculate the highest common divisor of k and 208.
26
Let i(n) = 5*n**3 - 4*n**2 + 3*n. Let l be i(3). What is the highest common divisor of l and 27?
27
Let j(i) = 35*i**3 - 2*i**2 + 3*i - 1. Let m be j(1). What is the greatest common factor of m and 7?
7
Let n(y) = 9*y**3 - 2*y**2 - y - 2. Let j be n(2). Let m be -1 - (-16)/(2 - 1). What is the highest common factor of j and m?
15
Let r(g) = g**2 + 5*g - 7. Let w be r(-7). What is the greatest common factor of w and 56?
7
Suppose -2*j = -0*j + 3*z - 12, -5*z - 19 = -j. Suppose -g = 2*g + j. Let x be ((-2)/(-5))/(g/(-15)). What is the greatest common factor of 3 and x?
1
Suppose -3*m + 5*n = -114, -4*m + 108 = -3*n - 44. Let g = 249 - 158. Let f = g - 34. Calculate the greatest common factor of m and f.
19
Let p be (-4)/(-2) + (1 - -9). What is the highest common factor of 108 and p?
12
Let t(o) = o + 3. Let q be t(0). Let j(d) = 15 + 0 + q - d. Let h be j(8). What is the greatest common divisor of h and 30?
10
Let p be (-8)/(-16) + 378/4. Suppose -7 = -3*y + p. Let q = -4 + 21. What is the highest common divisor of y and q?
17
Let l be 272/12 - (-6)/(-9). Let z = 62 + l. Calculate the greatest common factor of z and 21.
21
Let w(j) = 6*j**2 - 6*j + 8. Let y be w(3). Calculate the greatest common factor of 88 and y.
44
Suppose p - 6*p = 3*f - 1136, -3*p + 1134 = 3*f. Suppose -3*o - 3*d + 228 = 0, 3*d - d - f = -5*o. What is the highest common factor of 30 and o?
15
Suppose 11 = 5*n - 14. Suppose 0 = -n*u + 13 - 3. Let v(m) = m**3 + 12*m**2 + 10*m - 8. Let p be v(-11). What is the highest common divisor of u and p?
1
Suppose 5*c - c - 16 = 0. Let z be ((-2)/c)/(2/(-28)). Calculate the highest common factor of 14 and z.
7
Let j be (6/(-8))/(1/12). Let p = 6 - j. Let r be (5/4)/(1/4). What is the greatest common factor of r and p?
5
Let l(q) = 4*q**2 + 12*q - 1. Let n be l(-10). Calculate the greatest common divisor of n and 31.
31
Let g(c) = c**2 + 9*c + 3. Let i(o) = -o. Let p(b) = -g(b) - i(b). Let y be p(-6). What is the highest common factor of y and 6?
3
Let t(b) = -3*b. Suppose -5*q + 3*p - 6*p - 8 = 0, 5*q = 5*p. Let r be t(q). Let k = 60 + -39. Calculate the greatest common divisor of r and k.
3
Let f(r) = -18*r + 11. Let c be f(-9). Let j = c - 113. Calculate the highest common divisor of 12 and j.
12
Suppose -2*n + 2*u + 0 - 6 = 0, 5*n + 4*u - 30 = 0. Let t = 2 + n. Calculate the highest common factor of t and 10.
2
Let n be 8/(17/15 - 1) + 3. Calculate the greatest common divisor of 7 and n.
7
Let c(f) = 2 + 0 + f - 1. Let o be c(7). What is the highest common divisor of o and 2?
2
Suppose -15 = s + 4*s. Let i = 3 + s. Suppose -15 = -v - 3*w, w = v - i*v + 1. What is the highest common factor of 1 and v?
1
Let m(f) = -f**3 + 13*f**2 - 5*f - 7. Let o be m(6). What is the highest common divisor of 43 and o?
43
Let a = 94 - 59. Suppose 0 = 3*x + 2*x + 4*u - 130, 5*x - 130 = -3*u. Let c be (-4)/x + 920/65. What is the highest common divisor of c and a?
7
Let n = -31 - -45. Calculate the highest common factor of n and 35.
7
Suppose -6*p + 60 = -3*p. Calculate the greatest common factor of 10 and p.
10
Let k = -377 + 821. Calculate the greatest common factor of 12 and k.
12
Suppose -5*m + 97 - 7 = 0. Calculate the greatest common divisor of 54 and m.
18
Let j be (10 - 16)*6/(-4). Let c be (4 - (-2 + 3))/1. Calculate the greatest common factor of c and j.
3
Let c = -3 + 11. What is the greatest common factor of c and 4?
4
Let j be 5*12/(-7)*-14. Let x be (-2)/6*1*0. Suppose -19*u + 23*u - 96 = x. Calculate the highest common divisor of j and u.
24
Let m = -23 + 60. Let d = m - 20. Calculate the greatest common factor of 102 and d.
17
Suppose 2*v + 5*v = 336. Calculate the highest common factor of 64 and v.
16
Let x be 904/14 - 6/(-14). What is the greatest common divisor of x and 520?
65
Let u(o) = 27*o**2 - 6*o - 3. Let r be u(-2). Calculate the greatest common factor of r and 13.
13
Let q be -4 + -1 + 5 + 4. Calculate the highest common divisor of 2 and q.
2
Let d be 12/(-15)*(-70)/2. Let h = d + -19. Let f be 10*3 + h/3. Calculate the greatest common divisor of 3 and f.
3
Suppose f - 60 = -2*f. Let m be (12/16)/(2/144). Suppose -m = u - 134. What is the greatest common divisor of u and f?
20
Let k(a) = -a**3 + 7*a**2 + 8*a. Let f be k(7). Calculate the greatest common divisor of f and 14.
14
Let q(v) = -v**2 - 16*v + 12. Let o be q(-16). Calculate the highest common divisor of o and 20.
4
Let n = 10 + -17. Let d(k) = -12*k + 1. Let j be d(1). Let z = n - j. What is the highest common factor of 6 and z?
2
Let y(v) = 13*v - 3. Let o be y(1). Suppose 0 = -3*f + f + 28. Suppose -36 - f = -5*h. Calculate the highest common divisor of o and h.
10
Suppose -25*x + 270 = -22*x. Calculate the greatest common factor of 135 and x.
45
Let u(w) = -7*w + 6*w**2 - 2*w**2 + 0 - 3*w**2 - 3. Let d be u(7). Let y be (1 + -2)/(d/75). What is the highest common divisor of y and 5?
5
Let l be (0/3)/(2/(-1)). Suppose 0 = -l*v - v + 4. Suppose 5*c - c + 46 = 3*w, v*w = -3*c + 78. What is the greatest common divisor of w and 144?
18
Suppose 3*k - 4*k = -40. Suppose 2*o - 3*o = -5. Calculate the greatest common factor of o and k.
5
Let u be 407/9 - (-12)/(-54). Suppose w - 5 = 5*c, -28 = -3*w + w + c. Calculate the highest common factor of w and u.
15
Let b = -39 - -42. Let m(f) = -f**2 + 4*f + 2. Let z be m(4). Suppose -6 = z*y + 4*n, 0 = 4*y + 5*n - b. Calculate the highest common factor of y and 7.
7
Suppose 3 = 3*j + 3*r, -3*r - 25 = j - 5*j. Let b(x) = x + 6. Let f be b(5). Let t = 17 - f. Calculate the highest common divisor of t and j.
2
Suppose 0 = 20*d - 22*d + 40. What is the greatest common divisor of d and 80?
20
Suppose -5*r - 565 = -1730. Let y = -152 + r. Suppose -16 - 11 = -3*d. What is the greatest common factor of y and d?
9
Let n be ((-1)/(-3))/((-1)/(-33)). Suppose -39 = 8*c - 1007. What is the greatest common divisor of c and n?
11
Let z(a) = 3*a**2 - 